s the greatest common divisor of w and 561?
51
Let u = -11719 + 11800. Let i = 15 + -12. What is the highest common factor of u and i?
3
Let g(x) = 324*x - 608. Let n be g(12). Calculate the greatest common divisor of n and 400.
80
Let l be (-2)/5 - (-696)/(-60). Let i be l/(-8) - 9/(-2). Suppose 3*o = -i*o + 9. What is the highest common divisor of o and 2?
1
Let f(n) = -n**2 + 21*n + 17. Let q be f(22). Let z be 92/(-4 - q) - -4. Calculate the highest common divisor of z and 6.
6
Suppose 0*w + 14 = 2*w. Let v(c) = -9*c - 49. Let f be v(-14). Let r = -42 + f. Calculate the greatest common divisor of r and w.
7
Let n(k) = -4*k - 63. Let q be n(-17). Suppose -4*b = q*z - 212, 3*z - 185 = -2*z + 5*b. What is the highest common divisor of z and 16?
8
Let t(w) = -w**3 - 21*w**2 - 4*w - 85. Let d be t(-21). Let n be 1 + 4 + d/(-3)*-9. What is the highest common factor of 58 and n?
2
Let c(d) = 3*d**2 - 50*d - 7. Let u be c(17). Suppose 56 + 24 = u*w. What is the greatest common factor of 72 and w?
8
Let j(z) = -4*z**3 - 1. Let d be j(-1). Suppose -d*u + 5*f = -25, 6 + 2 = 2*f. Let r = -22 + 157. What is the highest common factor of u and r?
15
Let v(i) = i**3 - 25*i**2 - 39*i + 25. Let n be v(27). Let r = 480 - n. Calculate the greatest common factor of 160 and r.
10
Let d = -257 - -255. Let q(c) = 5*c**2 - 7*c - 4. Let a be q(d). Calculate the greatest common factor of a and 130.
10
Suppose -773*o = -767*o - 270. Suppose o*g - 940 = -40. Calculate the highest common factor of 1460 and g.
20
Suppose -4*a + l + 14 = -0*l, -22 = -3*a - 5*l. Let g be 1/(-3) + (620/15)/a. Calculate the greatest common divisor of g and 90.
10
Let v be ((-4)/(-5))/((-1248039)/178295 + 7). Suppose 352 = 5488*b - v*b. Let f(x) = 5*x + 1. Let k be f(2). Calculate the greatest common divisor of k and b.
11
Let w = -299 + 895. Suppose -603*f + 112 = -w*f. Calculate the highest common factor of f and 80.
16
Let x = 4088 + -4058. What is the highest common divisor of 610 and x?
10
Let h be (-1 + 0)/(2/(-102)). Let x(o) = -o**2 - 24*o + 19. Let s be x(-24). Let r = h - s. What is the highest common divisor of 16 and r?
16
Let j be (-153)/27 + (-6)/(-9) + 222. What is the greatest common divisor of j and 1364?
31
Let d be 362/181 + (-3)/6*-6 + 215. Calculate the highest common factor of 125 and d.
5
Let b(t) = 0*t - 3*t + t + 3*t. Let k be b(3). Suppose k*a = 2*n - 3*n + 73, -5*a + 355 = 5*n. What is the greatest common divisor of 7 and n?
7
Let f be (-2420)/(-50) - (0 - 6/(-15)). What is the greatest common factor of f and 2244?
12
Let x be (310/(-80) + 3/72*-3)*-131. Calculate the greatest common divisor of x and 8.
4
Let v(c) = 12*c**2 + 6*c + 108. Let u be v(7). Calculate the greatest common factor of u and 72.
18
Let s(k) = 5*k + 1144. Let z be s(-66). Calculate the greatest common factor of 66 and z.
22
Let i be (1 - (-113 - 2)/5)*3. Calculate the highest common factor of i and 42.
6
Suppose 2*y - 3652 = -3*c + 2721, y - 3191 = -2*c. Calculate the highest common factor of 133 and y.
19
Let d(c) = -23*c - 222. Let h(b) = -2*b - 1. Let y(w) = -d(w) + 4*h(w). Let n be y(8). Calculate the greatest common divisor of n and 26.
26
Suppose 168*g - 10400 = 103*g. Calculate the highest common factor of 2600 and g.
40
Let x(v) = 328*v + v**2 - 166*v - 2*v**2 - 177*v + v**3. Let f be x(5). Calculate the highest common divisor of 225 and f.
25
Let j(a) = 25*a - 72. Let k be j(6). Suppose 0 = 11*b - 2772 + 484. Calculate the greatest common factor of k and b.
26
Let h = 12222 + -5334. Suppose -7*d + 31*d - h = 0. Calculate the greatest common divisor of 41 and d.
41
Let j(g) = g**3 + 31*g**2 + g + 38. Let n be j(-31). Suppose a = -n*a + 832. Calculate the greatest common factor of a and 52.
52
Suppose 0 = 4*b + 27*z - 22*z - 38, 3*b = -5*z + 26. Suppose b*h + 3*h - 420 = 0. What is the highest common divisor of 56 and h?
28
Let m = 398757 + -398733. Let f(q) = 191*q**2 - 2*q - 1. Let o be f(-1). Calculate the highest common factor of o and m.
24
Suppose 19*p - 219 = 2308. Calculate the greatest common factor of p and 567.
7
Suppose 6*z - j - 916 = 0, -371 = -2*z - 4*j - 57. What is the highest common factor of z and 17?
17
Let z = -256 - -258. Suppose -629 + 4663 = 4*o + z*k, -4*o + 4*k + 4052 = 0. What is the highest common divisor of 10 and o?
10
Let s = 1 + 71. Let f be ((-15)/3 - -4) + 91. Suppose -4*l - l + f = 0. What is the greatest common divisor of l and s?
18
Suppose 76*f - 113*f + 111*f - 296 = 0. Let l = -5 + 9. Suppose 102 = l*d - 26. Calculate the greatest common factor of d and f.
4
Let v = -9349 - -9380. Calculate the greatest common factor of 155 and v.
31
Let c be (3*182/(-105))/(2/(-20)). Suppose -65*w + 69*w = c. Let g = 39 - w. What is the highest common divisor of g and 52?
26
Let m(h) = 2*h**2 - h - 1. Let f(a) = -16*a**2 - 9*a - 10. Let u(j) = -f(j) + 2*m(j). Let l be u(-1). Calculate the highest common divisor of l and 231.
21
Let t = 126 - 126. Suppose t = -0*m - 3*m + 3*y + 24, -5*m - 2*y = -40. Calculate the highest common factor of 88 and m.
8
Let g(b) = 5*b - 25. Let r(c) = 8*c**2 + 1. Let y be r(-1). Let h be g(y). Calculate the greatest common factor of h and 140.
20
Suppose -3*s - 10 = -u + 35, -2*s + 180 = 4*u. Calculate the greatest common factor of 260 and u.
5
Let n = -32595 + 41226. Calculate the greatest common factor of n and 63.
63
Let c be (10 + 0)/(-11 + 9). Let o = c + 61. Calculate the greatest common factor of 504 and o.
56
Let q(a) = a**2 - 2*a + 227. Let f be q(-7). Calculate the highest common divisor of 5945 and f.
145
Let f(y) = -y**2 + 17*y + 42. Let l be f(19). Let x(u) = 26*u - 71. Let p be x(l). Calculate the highest common divisor of 3 and p.
3
Suppose -8*m + 7*m + 5 = 0. Suppose -4*j + 2 = -j - 4*v, 14 = m*j - 4*v. Let g(h) = 20*h - 3. Let i be g(j). What is the greatest common factor of 18 and i?
9
Let v be 72/30 + (-4)/10. Let h(l) = -v*l**2 - 2*l**2 - 8 - l**3 - 4*l + 3. Let u be h(-4). Calculate the greatest common divisor of u and 143.
11
Suppose 4*f = 24, 821*c - 825*c + 15804 = 2*f. What is the highest common factor of 21 and c?
21
Suppose 0 = 2*v + 119 - 139. Let y = -706 - -711. Calculate the greatest common divisor of y and v.
5
Suppose 25*m + 14*m - 34782 = 6*m. What is the greatest common divisor of m and 442?
34
Suppose -10773 = -22*g + 10545. Let k(p) = -p**2 + 2*p + 99. Let z be k(-6). Calculate the highest common divisor of g and z.
51
Let f(w) = 435*w + 48. Let y be f(5). Suppose -58*i + y = -45*i. Calculate the highest common divisor of 76 and i.
19
Suppose 142*j = 5855 + 2381. What is the greatest common divisor of j and 4698?
58
Let r be 1/(-4) - (-98)/8. Let y = 237 + -232. Suppose -3*x - r = x, -y*n - x + 172 = 0. What is the highest common divisor of 5 and n?
5
Let o = 74 - 53. Let z(y) = 3*y - 41 + 57 + o. Let l be z(-5). Calculate the greatest common factor of 242 and l.
22
Let u = 26 + -20. Suppose -3*r - u = -2*w, -4*w - r = -14 + 2. Suppose 30 - 240 = -w*l. What is the highest common factor of l and 14?
14
Suppose -43*z + 29*z + 5430 + 1393 = 2063. Let y(a) = 15*a - 7. Let w be y(5). Calculate the highest common divisor of w and z.
68
Let k = -249 + 582. Let y = 43778 + -43769. Calculate the highest common factor of k and y.
9
Suppose 4*z - 5*y + 179 = 0, -4*y - 234 = -38*z + 43*z. Let s(m) = -25*m - 383. Let h be s(z). What is the highest common divisor of h and 59?
59
Suppose -11060 = -6*l - 8*l - 6*l. Calculate the greatest common divisor of 49 and l.
7
Let f be ((-28)/3)/(1085/(-11160)). Let m(a) = 6*a - 6. Let x be m(4). What is the highest common factor of f and x?
6
Let s = 584 + -587. Let j be s + ((-2)/(-5))/(3/1035). What is the greatest common factor of 36 and j?
9
Suppose 5*k + 20 = s, 4*s - 32 = -0*s + 4*k. Let c = s - -17. Suppose -24*n + 154 = -33*n + 23*n. What is the greatest common divisor of c and n?
11
Suppose -z - 4 = k + k, -3*z + 32 = -5*k. Let w = k - -10. Let r be (-10)/(-15)*w/4. Calculate the highest common divisor of r and 8.
1
Suppose 12 = 11*s - 7*s. Suppose 0 = -0*j - s*j + 72. Suppose -3*q = -3*a - 45, -a + 5*a = -4*q + 68. Calculate the highest common divisor of q and j.
8
Let w = -187 + 189. Suppose 4*f - 6 = w*c, 2*f - 12 = -2*f. Calculate the greatest common divis